t common factor of 57 and 1748.
19
What is the highest common divisor of 528 and 12?
12
What is the greatest common factor of 180 and 5310?
90
What is the greatest common factor of 70 and 190?
10
What is the greatest common divisor of 1891 and 61?
61
Calculate the highest common factor of 931 and 19.
19
What is the highest common factor of 42 and 462?
42
Calculate the highest common divisor of 9 and 378.
9
Calculate the highest common factor of 60 and 10.
10
Calculate the greatest common divisor of 432 and 156.
12
Calculate the highest common divisor of 9 and 4041.
9
What is the highest common divisor of 920 and 40?
40
Calculate the highest common divisor of 234 and 18.
18
Calculate the highest common divisor of 24 and 18944.
8
Calculate the greatest common factor of 12 and 588.
12
Calculate the highest common divisor of 18 and 234.
18
What is the greatest common factor of 6240 and 585?
195
Calculate the greatest common factor of 762 and 12.
6
What is the greatest common divisor of 71 and 29?
1
What is the highest common divisor of 33 and 4488?
33
What is the greatest common divisor of 518 and 154?
14
Calculate the highest common factor of 60 and 13220.
20
What is the highest common factor of 156 and 338?
26
Calculate the greatest common divisor of 1551 and 2679.
141
Calculate the highest common factor of 292 and 657.
73
Calculate the greatest common divisor of 7996 and 4.
4
Calculate the highest common divisor of 222 and 5661.
111
Calculate the greatest common divisor of 15 and 135.
15
Calculate the greatest common divisor of 24 and 3072.
24
What is the highest common divisor of 1944 and 3159?
243
What is the highest common factor of 37 and 3?
1
What is the highest common factor of 448 and 64?
64
What is the greatest common divisor of 10 and 90?
10
What is the highest common divisor of 40 and 585?
5
What is the greatest common factor of 116 and 32?
4
What is the greatest common divisor of 91 and 28?
7
Calculate the highest common divisor of 4 and 2.
2
What is the greatest common factor of 34 and 51?
17
What is the greatest common divisor of 16 and 724?
4
Calculate the highest common divisor of 450 and 90.
90
What is the greatest common factor of 4416 and 42?
6
What is the greatest common factor of 830 and 10?
10
Calculate the greatest common divisor of 1938 and 102.
102
Calculate the greatest common divisor of 17298 and 90.
18
Calculate the highest common factor of 7676 and 304.
76
What is the highest common divisor of 763 and 14?
7
What is the highest common divisor of 2378 and 696?
58
What is the greatest common factor of 14520 and 36?
12
Calculate the highest common factor of 38103 and 78.
39
Calculate the highest common factor of 184 and 46.
46
What is the highest common factor of 35 and 18305?
35
What is the highest common factor of 64 and 1024?
64
Calculate the highest common factor of 50 and 25.
25
What is the highest common factor of 31 and 5053?
31
Calculate the highest common divisor of 156 and 858.
78
Calculate the highest common factor of 3196 and 32.
4
Calculate the highest common factor of 4104 and 81.
27
What is the greatest common factor of 7733 and 74?
37
What is the greatest common factor of 237 and 3?
3
Calculate the highest common factor of 45 and 18.
9
What is the greatest common factor of 98 and 2?
2
What is the highest common divisor of 539 and 35?
7
Calculate the greatest common divisor of 1170 and 260.
130
What is the highest common divisor of 1288 and 224?
56
What is the greatest common divisor of 70 and 14280?
70
What is the greatest common divisor of 19291 and 764?
191
What is the highest common divisor of 15 and 255?
15
Calculate the greatest common factor of 109 and 327.
109
What is the highest common divisor of 2970 and 81?
27
What is the highest common factor of 742 and 161?
7
Calculate the highest common divisor of 248 and 558.
62
Calculate the highest common divisor of 5 and 5965.
5
Calculate the highest common factor of 190 and 1254.
38
Calculate the highest common divisor of 105 and 15.
15
Calculate the greatest common factor of 41684 and 34.
34
Calculate the highest common divisor of 40 and 4050.
10
Calculate the highest common factor of 2697 and 174.
87
What is the highest common factor of 593 and 1?
1
Calculate the highest common factor of 1 and 41.
1
What is the highest common divisor of 8965 and 165?
55
Calculate the greatest common factor of 2222 and 22.
22
Calculate the highest common divisor of 4 and 16.
4
Calculate the greatest common divisor of 77 and 11.
11
Calculate the greatest common factor of 667 and 232.
29
What is the greatest common divisor of 539 and 343?
49
What is the greatest common factor of 27 and 9?
9
What is the highest common factor of 26 and 335?
1
Calculate the highest common factor of 150 and 1110.
30
What is the greatest common divisor of 3094 and 78?
26
Calculate the highest common factor of 1218 and 126.
42
What is the highest common factor of 305 and 488?
61
Calculate the highest common divisor of 5750 and 92.
46
What is the greatest common divisor of 2752 and 43?
43
What is the greatest common divisor of 43 and 387?
43
Calculate the greatest common divisor of 44 and 3564.
44
What is the highest common factor of 24 and 24?
24
Calculate the greatest common factor of 6021 and 27.
27
What is the highest common divisor of 3321 and 1722?
123
Calculate the greatest common divisor of 81 and 3564.
81
What is the highest common factor of 39 and 65?
13
What is the highest common divisor of 594 and 44?
22
What is the greatest common factor of 245 and 140?
35
Calculate the highest common factor of 10087 and 385.
77
What is the highest common divisor of 168 and 24528?
168
Calculate the highest common factor of 2783 and 968.
121
What is the greatest common factor of 9 and 10215?
9
Calculate the highest common factor of 130 and 845.
65
What is the greatest common factor of 10472 and 56?
56
What is the greatest common factor of 14 and 4382?
14
Calculate the greatest common divisor of 74 and 3182.
74
Calculate the greatest common factor of 7943 and 376.
47
Calculate the greatest common divisor of 182 and 26.
26
Calculate the highest common divisor of 13 and 78.
13
Calculate the greatest common factor of 19 and 51.
1
Calculate the highest common divisor of 3003 and 117.
39
What is the greatest common divisor of 2160 and 1280?
80
Calculate the greatest common divisor of 714 and 126.
42
Calculate the highest common divisor of 54 and 498.
6
What is the highest common divisor of 102 and 867?
51
Calculate the highest common factor of 57 and 28.
1
What is the greatest common divisor of 268 and 11189?
67
Calculate the greatest common divisor of 286 and 506.
22
What is the highest common divisor of 4752 and 176?
176
Calculate the greatest common divisor of 999 and 592.
37
What is the highest common factor of 7367 and 265?
53
Calculate the highest common factor of 315 and 140.
35
Calculate the greatest common divisor of 5 and 3715.
5
Calculate the greatest common factor of 15069 and 6.
3
What is the highest common factor of 88 and 121?
11
What is the greatest common divisor of 17 and 29903?
17
Calculate the highest common factor of 92 and 2944.
92
What is the highest common factor of 6 and 13506?
6
What is the greatest common factor of 234 and 90?
18
What is the greatest common factor of 12 and 690?
6
What is the highest common factor of 5 and 5?
5
Calculate the greatest common divisor of 88 and 143.
11
What is the highest common divisor of 39 and 7787?
13
What is the greatest common divisor of 2948 and 11?
11
What is the greatest common divisor of 412 and 124?
4
What is the greatest common divisor of 25 and 1225?
25
What is the highest common divisor of 2185 and 230?
115
What is the greatest common factor of 18080 and 160?
160
Calculate the highest common divisor of 648 and 24.
24
What is the greatest common factor of 594 and 33?
33
Calculate the greatest common factor of 720 and 225.
45
What is the greatest common divisor of 60 and 250?
10
What is the greatest common factor of 171 and 114?
57
What is the highest common divisor of 174 and 609?
87
Calculate the greatest common factor of 180 and 9180.
180
Calculate the greatest common divisor of 66 and 506.
22
What is the greatest common divisor 